{"id":992,"date":"2021-10-24T11:22:01","date_gmt":"2021-10-24T09:22:01","guid":{"rendered":"http:\/\/tmlutherie.fr\/?page_id=992"},"modified":"2022-04-02T12:09:20","modified_gmt":"2022-04-02T10:09:20","slug":"magni-markttra","status":"publish","type":"page","link":"https:\/\/tmlutherie.fr\/?page_id=992","title":{"rendered":"Magni M\u00e4rkttr\u00e4"},"content":{"rendered":"\n<p class=\"has-text-align-center\">Voici&nbsp;MAGNI M\u00e4rkttr\u00e4&nbsp;!<\/p>\n\n\n\n<p class=\"has-medium-font-size\"> Cette basse est vendue. <\/p>\n\n\n\n<div class=\"wp-block-image is-style-default\"><figure class=\"aligncenter size-large is-resized\"><img loading=\"lazy\" src=\"http:\/\/tmlutherie.fr\/wp-content\/uploads\/2021\/09\/MMT1-1024x768.jpg\" alt=\"\" class=\"wp-image-998\" width=\"768\" height=\"576\" srcset=\"https:\/\/tmlutherie.fr\/wp-content\/uploads\/2021\/09\/MMT1-1024x768.jpg 1024w, https:\/\/tmlutherie.fr\/wp-content\/uploads\/2021\/09\/MMT1-300x225.jpg 300w, https:\/\/tmlutherie.fr\/wp-content\/uploads\/2021\/09\/MMT1-768x576.jpg 768w, https:\/\/tmlutherie.fr\/wp-content\/uploads\/2021\/09\/MMT1-1536x1152.jpg 1536w, https:\/\/tmlutherie.fr\/wp-content\/uploads\/2021\/09\/MMT1-2048x1536.jpg 2048w\" sizes=\"(max-width: 768px) 100vw, 768px\" \/><\/figure><\/div>\n\n\n\n<p class=\"has-text-align-center\">Corps en fr\u00eane ond\u00e9 (finition vernis satin\u00e9 pores ouverts)<br>Table en \u00e9rable \u00e9chauff\u00e9&nbsp; (finition vernis satin\u00e9)<br>Manche en \u00e9rable ond\u00e9 (finition huil\u00e9e Rubio)<br>Touche en noyer \/ Diapason 863,4 mm \/ 22 frettes \/ Radius 12&#8243;<br>Sillet de t\u00eate en os<br>M\u00e9caniques Gotoh<br>Chevalet Gotoh<br>Micros Crel PB42<br>Potentiom\u00e8tres CTS \/ jack Switchcraft \/ condensateur Mallory Mustard .047<br>Straplocks Dunlop<\/p>\n\n\n\n<figure class=\"wp-block-gallery aligncenter columns-3 is-cropped\"><ul class=\"blocks-gallery-grid\"><li class=\"blocks-gallery-item\"><figure><img loading=\"lazy\" width=\"1024\" height=\"768\" src=\"http:\/\/tmlutherie.fr\/wp-content\/uploads\/2021\/09\/MMT2-1024x768.jpg\" alt=\"\" data-id=\"999\" data-full-url=\"http:\/\/tmlutherie.fr\/wp-content\/uploads\/2021\/09\/MMT2-scaled.jpg\" data-link=\"http:\/\/tmlutherie.fr\/?attachment_id=999\" class=\"wp-image-999\" srcset=\"https:\/\/tmlutherie.fr\/wp-content\/uploads\/2021\/09\/MMT2-1024x768.jpg 1024w, https:\/\/tmlutherie.fr\/wp-content\/uploads\/2021\/09\/MMT2-300x225.jpg 300w, https:\/\/tmlutherie.fr\/wp-content\/uploads\/2021\/09\/MMT2-768x576.jpg 768w, https:\/\/tmlutherie.fr\/wp-content\/uploads\/2021\/09\/MMT2-1536x1152.jpg 1536w, https:\/\/tmlutherie.fr\/wp-content\/uploads\/2021\/09\/MMT2-2048x1536.jpg 2048w\" sizes=\"(max-width: 1024px) 100vw, 1024px\" \/><\/figure><\/li><li class=\"blocks-gallery-item\"><figure><img loading=\"lazy\" width=\"1024\" height=\"768\" src=\"http:\/\/tmlutherie.fr\/wp-content\/uploads\/2021\/09\/MMT3-1024x768.jpg\" alt=\"\" data-id=\"1001\" data-full-url=\"http:\/\/tmlutherie.fr\/wp-content\/uploads\/2021\/09\/MMT3-scaled.jpg\" data-link=\"http:\/\/tmlutherie.fr\/?attachment_id=1001\" class=\"wp-image-1001\" srcset=\"https:\/\/tmlutherie.fr\/wp-content\/uploads\/2021\/09\/MMT3-1024x768.jpg 1024w, https:\/\/tmlutherie.fr\/wp-content\/uploads\/2021\/09\/MMT3-300x225.jpg 300w, https:\/\/tmlutherie.fr\/wp-content\/uploads\/2021\/09\/MMT3-768x576.jpg 768w, https:\/\/tmlutherie.fr\/wp-content\/uploads\/2021\/09\/MMT3-1536x1152.jpg 1536w, https:\/\/tmlutherie.fr\/wp-content\/uploads\/2021\/09\/MMT3-2048x1536.jpg 2048w\" sizes=\"(max-width: 1024px) 100vw, 1024px\" \/><\/figure><\/li><li class=\"blocks-gallery-item\"><figure><img loading=\"lazy\" width=\"1024\" height=\"768\" src=\"http:\/\/tmlutherie.fr\/wp-content\/uploads\/2021\/09\/MMT4-1-1024x768.jpg\" alt=\"\" data-id=\"1004\" data-full-url=\"http:\/\/tmlutherie.fr\/wp-content\/uploads\/2021\/09\/MMT4-1-scaled.jpg\" data-link=\"http:\/\/tmlutherie.fr\/?attachment_id=1004\" class=\"wp-image-1004\" srcset=\"https:\/\/tmlutherie.fr\/wp-content\/uploads\/2021\/09\/MMT4-1-1024x768.jpg 1024w, https:\/\/tmlutherie.fr\/wp-content\/uploads\/2021\/09\/MMT4-1-300x225.jpg 300w, https:\/\/tmlutherie.fr\/wp-content\/uploads\/2021\/09\/MMT4-1-768x576.jpg 768w, https:\/\/tmlutherie.fr\/wp-content\/uploads\/2021\/09\/MMT4-1-1536x1152.jpg 1536w, https:\/\/tmlutherie.fr\/wp-content\/uploads\/2021\/09\/MMT4-1-2048x1536.jpg 2048w\" sizes=\"(max-width: 1024px) 100vw, 1024px\" \/><\/figure><\/li><li class=\"blocks-gallery-item\"><figure><img loading=\"lazy\" width=\"1024\" height=\"768\" src=\"http:\/\/tmlutherie.fr\/wp-content\/uploads\/2021\/09\/MMT5-1-1024x768.jpg\" alt=\"\" data-id=\"1006\" data-full-url=\"http:\/\/tmlutherie.fr\/wp-content\/uploads\/2021\/09\/MMT5-1-scaled.jpg\" data-link=\"http:\/\/tmlutherie.fr\/?attachment_id=1006\" class=\"wp-image-1006\" srcset=\"https:\/\/tmlutherie.fr\/wp-content\/uploads\/2021\/09\/MMT5-1-1024x768.jpg 1024w, https:\/\/tmlutherie.fr\/wp-content\/uploads\/2021\/09\/MMT5-1-300x225.jpg 300w, https:\/\/tmlutherie.fr\/wp-content\/uploads\/2021\/09\/MMT5-1-768x576.jpg 768w, https:\/\/tmlutherie.fr\/wp-content\/uploads\/2021\/09\/MMT5-1-1536x1152.jpg 1536w, https:\/\/tmlutherie.fr\/wp-content\/uploads\/2021\/09\/MMT5-1-2048x1536.jpg 2048w\" sizes=\"(max-width: 1024px) 100vw, 1024px\" \/><\/figure><\/li><li class=\"blocks-gallery-item\"><figure><img loading=\"lazy\" width=\"1024\" height=\"768\" src=\"http:\/\/tmlutherie.fr\/wp-content\/uploads\/2021\/09\/MMT6-1-1024x768.jpg\" alt=\"\" data-id=\"1008\" data-full-url=\"http:\/\/tmlutherie.fr\/wp-content\/uploads\/2021\/09\/MMT6-1-scaled.jpg\" data-link=\"http:\/\/tmlutherie.fr\/?attachment_id=1008\" class=\"wp-image-1008\" srcset=\"https:\/\/tmlutherie.fr\/wp-content\/uploads\/2021\/09\/MMT6-1-1024x768.jpg 1024w, https:\/\/tmlutherie.fr\/wp-content\/uploads\/2021\/09\/MMT6-1-300x225.jpg 300w, https:\/\/tmlutherie.fr\/wp-content\/uploads\/2021\/09\/MMT6-1-768x576.jpg 768w, https:\/\/tmlutherie.fr\/wp-content\/uploads\/2021\/09\/MMT6-1-1536x1152.jpg 1536w, https:\/\/tmlutherie.fr\/wp-content\/uploads\/2021\/09\/MMT6-1-2048x1536.jpg 2048w\" sizes=\"(max-width: 1024px) 100vw, 1024px\" \/><\/figure><\/li><li class=\"blocks-gallery-item\"><figure><img loading=\"lazy\" width=\"1024\" height=\"768\" src=\"http:\/\/tmlutherie.fr\/wp-content\/uploads\/2021\/09\/MMT7-1-1024x768.jpg\" alt=\"\" data-id=\"1011\" data-full-url=\"http:\/\/tmlutherie.fr\/wp-content\/uploads\/2021\/09\/MMT7-1-scaled.jpg\" data-link=\"http:\/\/tmlutherie.fr\/?attachment_id=1011\" class=\"wp-image-1011\" srcset=\"https:\/\/tmlutherie.fr\/wp-content\/uploads\/2021\/09\/MMT7-1-1024x768.jpg 1024w, https:\/\/tmlutherie.fr\/wp-content\/uploads\/2021\/09\/MMT7-1-300x225.jpg 300w, https:\/\/tmlutherie.fr\/wp-content\/uploads\/2021\/09\/MMT7-1-768x576.jpg 768w, https:\/\/tmlutherie.fr\/wp-content\/uploads\/2021\/09\/MMT7-1-1536x1152.jpg 1536w, https:\/\/tmlutherie.fr\/wp-content\/uploads\/2021\/09\/MMT7-1-2048x1536.jpg 2048w\" sizes=\"(max-width: 1024px) 100vw, 1024px\" \/><\/figure><\/li><li class=\"blocks-gallery-item\"><figure><img loading=\"lazy\" width=\"1024\" height=\"768\" src=\"http:\/\/tmlutherie.fr\/wp-content\/uploads\/2021\/09\/MMT8-1-1024x768.jpg\" alt=\"\" data-id=\"1012\" data-full-url=\"http:\/\/tmlutherie.fr\/wp-content\/uploads\/2021\/09\/MMT8-1-scaled.jpg\" data-link=\"http:\/\/tmlutherie.fr\/?attachment_id=1012\" class=\"wp-image-1012\" srcset=\"https:\/\/tmlutherie.fr\/wp-content\/uploads\/2021\/09\/MMT8-1-1024x768.jpg 1024w, https:\/\/tmlutherie.fr\/wp-content\/uploads\/2021\/09\/MMT8-1-300x225.jpg 300w, https:\/\/tmlutherie.fr\/wp-content\/uploads\/2021\/09\/MMT8-1-768x576.jpg 768w, https:\/\/tmlutherie.fr\/wp-content\/uploads\/2021\/09\/MMT8-1-1536x1152.jpg 1536w, https:\/\/tmlutherie.fr\/wp-content\/uploads\/2021\/09\/MMT8-1-2048x1536.jpg 2048w\" sizes=\"(max-width: 1024px) 100vw, 1024px\" \/><\/figure><\/li><li class=\"blocks-gallery-item\"><figure><img loading=\"lazy\" width=\"1024\" height=\"768\" src=\"http:\/\/tmlutherie.fr\/wp-content\/uploads\/2021\/09\/MMT9-1-1024x768.jpg\" alt=\"\" data-id=\"1014\" data-full-url=\"http:\/\/tmlutherie.fr\/wp-content\/uploads\/2021\/09\/MMT9-1-scaled.jpg\" data-link=\"http:\/\/tmlutherie.fr\/?attachment_id=1014\" class=\"wp-image-1014\" srcset=\"https:\/\/tmlutherie.fr\/wp-content\/uploads\/2021\/09\/MMT9-1-1024x768.jpg 1024w, https:\/\/tmlutherie.fr\/wp-content\/uploads\/2021\/09\/MMT9-1-300x225.jpg 300w, https:\/\/tmlutherie.fr\/wp-content\/uploads\/2021\/09\/MMT9-1-768x576.jpg 768w, https:\/\/tmlutherie.fr\/wp-content\/uploads\/2021\/09\/MMT9-1-1536x1152.jpg 1536w, https:\/\/tmlutherie.fr\/wp-content\/uploads\/2021\/09\/MMT9-1-2048x1536.jpg 2048w\" sizes=\"(max-width: 1024px) 100vw, 1024px\" \/><\/figure><\/li><li class=\"blocks-gallery-item\"><figure><img loading=\"lazy\" width=\"1024\" height=\"768\" src=\"http:\/\/tmlutherie.fr\/wp-content\/uploads\/2021\/09\/MMT10-1-1024x768.jpg\" alt=\"\" data-id=\"1016\" data-full-url=\"http:\/\/tmlutherie.fr\/wp-content\/uploads\/2021\/09\/MMT10-1-scaled.jpg\" data-link=\"http:\/\/tmlutherie.fr\/?attachment_id=1016\" class=\"wp-image-1016\" srcset=\"https:\/\/tmlutherie.fr\/wp-content\/uploads\/2021\/09\/MMT10-1-1024x768.jpg 1024w, https:\/\/tmlutherie.fr\/wp-content\/uploads\/2021\/09\/MMT10-1-300x225.jpg 300w, https:\/\/tmlutherie.fr\/wp-content\/uploads\/2021\/09\/MMT10-1-768x576.jpg 768w, https:\/\/tmlutherie.fr\/wp-content\/uploads\/2021\/09\/MMT10-1-1536x1152.jpg 1536w, https:\/\/tmlutherie.fr\/wp-content\/uploads\/2021\/09\/MMT10-1-2048x1536.jpg 2048w\" sizes=\"(max-width: 1024px) 100vw, 1024px\" \/><\/figure><\/li><li class=\"blocks-gallery-item\"><figure><img loading=\"lazy\" width=\"1024\" height=\"1024\" src=\"http:\/\/tmlutherie.fr\/wp-content\/uploads\/2021\/09\/MMT11-1-1024x1024.jpg\" alt=\"\" data-id=\"1019\" data-full-url=\"http:\/\/tmlutherie.fr\/wp-content\/uploads\/2021\/09\/MMT11-1.jpg\" data-link=\"http:\/\/tmlutherie.fr\/?attachment_id=1019\" class=\"wp-image-1019\" srcset=\"https:\/\/tmlutherie.fr\/wp-content\/uploads\/2021\/09\/MMT11-1-1024x1024.jpg 1024w, https:\/\/tmlutherie.fr\/wp-content\/uploads\/2021\/09\/MMT11-1-300x300.jpg 300w, https:\/\/tmlutherie.fr\/wp-content\/uploads\/2021\/09\/MMT11-1-150x150.jpg 150w, https:\/\/tmlutherie.fr\/wp-content\/uploads\/2021\/09\/MMT11-1-768x768.jpg 768w, https:\/\/tmlutherie.fr\/wp-content\/uploads\/2021\/09\/MMT11-1-1536x1536.jpg 1536w, https:\/\/tmlutherie.fr\/wp-content\/uploads\/2021\/09\/MMT11-1-2048x2048.jpg 2048w\" sizes=\"(max-width: 1024px) 100vw, 1024px\" \/><\/figure><\/li><li class=\"blocks-gallery-item\"><figure><img loading=\"lazy\" width=\"1024\" height=\"1024\" src=\"http:\/\/tmlutherie.fr\/wp-content\/uploads\/2021\/09\/MMT12-1-1024x1024.jpg\" alt=\"\" data-id=\"1020\" data-full-url=\"http:\/\/tmlutherie.fr\/wp-content\/uploads\/2021\/09\/MMT12-1.jpg\" data-link=\"http:\/\/tmlutherie.fr\/?attachment_id=1020\" class=\"wp-image-1020\" srcset=\"https:\/\/tmlutherie.fr\/wp-content\/uploads\/2021\/09\/MMT12-1-1024x1024.jpg 1024w, https:\/\/tmlutherie.fr\/wp-content\/uploads\/2021\/09\/MMT12-1-300x300.jpg 300w, https:\/\/tmlutherie.fr\/wp-content\/uploads\/2021\/09\/MMT12-1-150x150.jpg 150w, https:\/\/tmlutherie.fr\/wp-content\/uploads\/2021\/09\/MMT12-1-768x768.jpg 768w, https:\/\/tmlutherie.fr\/wp-content\/uploads\/2021\/09\/MMT12-1-1536x1536.jpg 1536w, https:\/\/tmlutherie.fr\/wp-content\/uploads\/2021\/09\/MMT12-1-2048x2048.jpg 2048w\" sizes=\"(max-width: 1024px) 100vw, 1024px\" \/><\/figure><\/li><\/ul><\/figure>\n","protected":false},"excerpt":{"rendered":"<p>Voici&nbsp;MAGNI M\u00e4rkttr\u00e4&nbsp;! Cette basse est vendue. Corps en fr\u00eane ond\u00e9 (finition vernis satin\u00e9 pores ouverts)Table en \u00e9rable \u00e9chauff\u00e9&nbsp; (finition vernis satin\u00e9)Manche en \u00e9rable ond\u00e9 (finition huil\u00e9e Rubio)Touche en noyer \/ Diapason 863,4 mm \/ 22 frettes \/ Radius 12&#8243;Sillet de t\u00eate en osM\u00e9caniques GotohChevalet GotohMicros Crel PB42Potentiom\u00e8tres CTS \/ jack Switchcraft \/ condensateur Mallory Mustard .047Straplocks Dunlop<\/p>\n","protected":false},"author":1,"featured_media":0,"parent":994,"menu_order":0,"comment_status":"closed","ping_status":"closed","template":"","meta":[],"uagb_featured_image_src":{"full":false,"thumbnail":false,"medium":false,"medium_large":false,"large":false,"1536x1536":false,"2048x2048":false,"ashe-slider-full-thumbnail":false,"ashe-full-thumbnail":false,"ashe-list-thumbnail":false,"ashe-grid-thumbnail":false,"ashe-single-navigation":false},"uagb_author_info":{"display_name":"admin8991","author_link":"https:\/\/tmlutherie.fr\/?author=1"},"uagb_comment_info":0,"uagb_excerpt":"Voici&nbsp;MAGNI M\u00e4rkttr\u00e4&nbsp;! Cette basse est vendue. Corps en fr\u00eane ond\u00e9 (finition vernis satin\u00e9 pores ouverts)Table en \u00e9rable \u00e9chauff\u00e9&nbsp; (finition vernis satin\u00e9)Manche en \u00e9rable ond\u00e9 (finition huil\u00e9e Rubio)Touche en noyer \/ Diapason 863,4 mm \/ 22 frettes \/ Radius 12&#8243;Sillet de t\u00eate en osM\u00e9caniques GotohChevalet GotohMicros Crel PB42Potentiom\u00e8tres CTS \/ jack Switchcraft \/ condensateur Mallory Mustard&hellip;","_links":{"self":[{"href":"https:\/\/tmlutherie.fr\/index.php?rest_route=\/wp\/v2\/pages\/992"}],"collection":[{"href":"https:\/\/tmlutherie.fr\/index.php?rest_route=\/wp\/v2\/pages"}],"about":[{"href":"https:\/\/tmlutherie.fr\/index.php?rest_route=\/wp\/v2\/types\/page"}],"author":[{"embeddable":true,"href":"https:\/\/tmlutherie.fr\/index.php?rest_route=\/wp\/v2\/users\/1"}],"replies":[{"embeddable":true,"href":"https:\/\/tmlutherie.fr\/index.php?rest_route=%2Fwp%2Fv2%2Fcomments&post=992"}],"version-history":[{"count":4,"href":"https:\/\/tmlutherie.fr\/index.php?rest_route=\/wp\/v2\/pages\/992\/revisions"}],"predecessor-version":[{"id":1219,"href":"https:\/\/tmlutherie.fr\/index.php?rest_route=\/wp\/v2\/pages\/992\/revisions\/1219"}],"up":[{"embeddable":true,"href":"https:\/\/tmlutherie.fr\/index.php?rest_route=\/wp\/v2\/pages\/994"}],"wp:attachment":[{"href":"https:\/\/tmlutherie.fr\/index.php?rest_route=%2Fwp%2Fv2%2Fmedia&parent=992"}],"curies":[{"name":"wp","href":"https:\/\/api.w.org\/{rel}","templated":true}]}}