{"id":519,"date":"2020-03-30T19:48:49","date_gmt":"2020-03-30T17:48:49","guid":{"rendered":"http:\/\/tmlutherie.fr\/?page_id=519"},"modified":"2022-09-26T12:04:54","modified_gmt":"2022-09-26T10:04:54","slug":"modi-2","status":"publish","type":"page","link":"https:\/\/tmlutherie.fr\/?page_id=519","title":{"rendered":"Modi"},"content":{"rendered":"\n<p style=\"font-size:18px\"><strong>Modi<\/strong>, fils de Thor le dieu du tonnerre. Il est l\u2019un des deux h\u00e9ritiers des pouvoirs et du marteau de son p\u00e8re.<\/p>\n\n\n\n<p style=\"font-size:18px\">Cette basse est une revisite de la Fender Jazz Bass. Un design plus moderne tout en respectant l&#8217;\u00e2me de cette basse mythique.<\/p>\n\n\n\n<div class=\"wp-container-69f1c7cc6b641 wp-block-buttons\">\n<div class=\"wp-block-button has-custom-font-size is-style-outline has-normal-font-size\"><a class=\"wp-block-button__link\" href=\"http:\/\/tmlutherie.fr\/?page_id=1058\" target=\"_blank\" rel=\"noreferrer noopener\"><strong>Modi Valn\u00f8tt Fretless 5c<\/strong> (commande client)<\/a><\/div>\n<\/div>\n\n\n\n<p> <\/p>\n\n\n\n<div class=\"wp-block-image is-style-rounded\"><figure class=\"aligncenter size-large is-resized\"><img loading=\"lazy\" src=\"http:\/\/tmlutherie.fr\/wp-content\/uploads\/2021\/11\/MVFD1c-1024x1024.jpg\" alt=\"\" class=\"wp-image-1055\" width=\"256\" height=\"256\" srcset=\"https:\/\/tmlutherie.fr\/wp-content\/uploads\/2021\/11\/MVFD1c-1024x1024.jpg 1024w, https:\/\/tmlutherie.fr\/wp-content\/uploads\/2021\/11\/MVFD1c-300x300.jpg 300w, https:\/\/tmlutherie.fr\/wp-content\/uploads\/2021\/11\/MVFD1c-150x150.jpg 150w, https:\/\/tmlutherie.fr\/wp-content\/uploads\/2021\/11\/MVFD1c-768x768.jpg 768w, https:\/\/tmlutherie.fr\/wp-content\/uploads\/2021\/11\/MVFD1c-1536x1536.jpg 1536w, https:\/\/tmlutherie.fr\/wp-content\/uploads\/2021\/11\/MVFD1c-2048x2048.jpg 2048w\" sizes=\"(max-width: 256px) 100vw, 256px\" \/><\/figure><\/div>\n\n\n\n<p> <\/p>\n\n\n\n<div class=\"wp-container-69f1c7cc6b878 wp-block-buttons\">\n<div class=\"wp-block-button has-custom-font-size is-style-outline has-normal-font-size\"><a class=\"wp-block-button__link\" href=\"http:\/\/tmlutherie.fr\/?page_id=898\" target=\"_blank\" rel=\"noreferrer noopener\"><strong>Modi Vintage Ash<\/strong> (commande client)<\/a><\/div>\n<\/div>\n\n\n\n<p> <\/p>\n\n\n\n<div class=\"wp-block-image is-style-rounded\"><figure class=\"aligncenter size-large is-resized\"><img loading=\"lazy\" src=\"http:\/\/tmlutherie.fr\/wp-content\/uploads\/2021\/07\/MODIPS12-1024x1024.jpg\" alt=\"\" class=\"wp-image-896\" width=\"256\" height=\"256\" srcset=\"https:\/\/tmlutherie.fr\/wp-content\/uploads\/2021\/07\/MODIPS12-1024x1024.jpg 1024w, https:\/\/tmlutherie.fr\/wp-content\/uploads\/2021\/07\/MODIPS12-300x300.jpg 300w, https:\/\/tmlutherie.fr\/wp-content\/uploads\/2021\/07\/MODIPS12-150x150.jpg 150w, https:\/\/tmlutherie.fr\/wp-content\/uploads\/2021\/07\/MODIPS12-768x768.jpg 768w, https:\/\/tmlutherie.fr\/wp-content\/uploads\/2021\/07\/MODIPS12-1536x1536.jpg 1536w, https:\/\/tmlutherie.fr\/wp-content\/uploads\/2021\/07\/MODIPS12-2048x2048.jpg 2048w\" sizes=\"(max-width: 256px) 100vw, 256px\" \/><\/figure><\/div>\n\n\n\n<p> <\/p>\n\n\n\n<div class=\"wp-container-69f1c7cc6ba6a wp-block-buttons\">\n<div class=\"wp-block-button has-custom-font-size is-style-outline has-normal-font-size\"><a class=\"wp-block-button__link\" href=\"http:\/\/tmlutherie.fr\/?page_id=725\" target=\"_blank\" rel=\"noreferrer noopener\"><strong>Modi Valn\u00f8tt<\/strong><\/a><\/div>\n<\/div>\n\n\n\n<p> <\/p>\n\n\n\n<div class=\"wp-block-image is-style-circle-mask\"><figure class=\"aligncenter size-large is-resized\"><img loading=\"lazy\" src=\"http:\/\/tmlutherie.fr\/wp-content\/uploads\/2020\/12\/MN1-Copie-1024x1024.jpg\" alt=\"\" class=\"wp-image-722\" width=\"256\" height=\"256\" srcset=\"https:\/\/tmlutherie.fr\/wp-content\/uploads\/2020\/12\/MN1-Copie-1024x1024.jpg 1024w, https:\/\/tmlutherie.fr\/wp-content\/uploads\/2020\/12\/MN1-Copie-300x300.jpg 300w, https:\/\/tmlutherie.fr\/wp-content\/uploads\/2020\/12\/MN1-Copie-150x150.jpg 150w, https:\/\/tmlutherie.fr\/wp-content\/uploads\/2020\/12\/MN1-Copie-768x768.jpg 768w, https:\/\/tmlutherie.fr\/wp-content\/uploads\/2020\/12\/MN1-Copie-1536x1536.jpg 1536w, https:\/\/tmlutherie.fr\/wp-content\/uploads\/2020\/12\/MN1-Copie-2048x2048.jpg 2048w\" sizes=\"(max-width: 256px) 100vw, 256px\" \/><\/figure><\/div>\n\n\n\n<div class=\"wp-container-69f1c7cc6bc2d wp-block-buttons\">\n<div class=\"wp-block-button aligncenter has-custom-font-size is-style-outline has-normal-font-size\"><a class=\"wp-block-button__link\" href=\"http:\/\/tmlutherie.fr\/?page_id=353\" target=\"_blank\" rel=\"noreferrer noopener\"><strong>Modi Fretless<\/strong> (commande client)<\/a><\/div>\n<\/div>\n\n\n\n<p> <\/p>\n\n\n\n<div class=\"wp-block-image is-style-circle-mask\"><figure class=\"aligncenter size-large is-resized\"><img loading=\"lazy\" src=\"http:\/\/tmlutherie.fr\/wp-content\/uploads\/2020\/03\/IMG_1902-1024x1024.jpg\" alt=\"\" class=\"wp-image-351\" width=\"256\" height=\"256\" srcset=\"https:\/\/tmlutherie.fr\/wp-content\/uploads\/2020\/03\/IMG_1902-1024x1024.jpg 1024w, https:\/\/tmlutherie.fr\/wp-content\/uploads\/2020\/03\/IMG_1902-300x300.jpg 300w, https:\/\/tmlutherie.fr\/wp-content\/uploads\/2020\/03\/IMG_1902-150x150.jpg 150w, https:\/\/tmlutherie.fr\/wp-content\/uploads\/2020\/03\/IMG_1902-768x768.jpg 768w, https:\/\/tmlutherie.fr\/wp-content\/uploads\/2020\/03\/IMG_1902-1536x1536.jpg 1536w, https:\/\/tmlutherie.fr\/wp-content\/uploads\/2020\/03\/IMG_1902-2048x2048.jpg 2048w\" sizes=\"(max-width: 256px) 100vw, 256px\" \/><\/figure><\/div>\n","protected":false},"excerpt":{"rendered":"<p>Modi, fils de Thor le dieu du tonnerre. Il est l\u2019un des deux h\u00e9ritiers des pouvoirs et du marteau de son p\u00e8re. Cette basse est une revisite de la Fender Jazz Bass. Un design plus moderne tout en respectant l&#8217;\u00e2me de cette basse mythique.<\/p>\n","protected":false},"author":1,"featured_media":0,"parent":78,"menu_order":1,"comment_status":"closed","ping_status":"closed","template":"","meta":[],"uagb_featured_image_src":{"full":false,"thumbnail":false,"medium":false,"medium_large":false,"large":false,"1536x1536":false,"2048x2048":false,"ashe-slider-full-thumbnail":false,"ashe-full-thumbnail":false,"ashe-list-thumbnail":false,"ashe-grid-thumbnail":false,"ashe-single-navigation":false},"uagb_author_info":{"display_name":"admin8991","author_link":"https:\/\/tmlutherie.fr\/?author=1"},"uagb_comment_info":0,"uagb_excerpt":"Modi, fils de Thor le dieu du tonnerre. Il est l\u2019un des deux h\u00e9ritiers des pouvoirs et du marteau de son p\u00e8re. Cette basse est une revisite de la Fender Jazz Bass. Un design plus moderne tout en respectant l&#8217;\u00e2me de cette basse mythique.","_links":{"self":[{"href":"https:\/\/tmlutherie.fr\/index.php?rest_route=\/wp\/v2\/pages\/519"}],"collection":[{"href":"https:\/\/tmlutherie.fr\/index.php?rest_route=\/wp\/v2\/pages"}],"about":[{"href":"https:\/\/tmlutherie.fr\/index.php?rest_route=\/wp\/v2\/types\/page"}],"author":[{"embeddable":true,"href":"https:\/\/tmlutherie.fr\/index.php?rest_route=\/wp\/v2\/users\/1"}],"replies":[{"embeddable":true,"href":"https:\/\/tmlutherie.fr\/index.php?rest_route=%2Fwp%2Fv2%2Fcomments&post=519"}],"version-history":[{"count":25,"href":"https:\/\/tmlutherie.fr\/index.php?rest_route=\/wp\/v2\/pages\/519\/revisions"}],"predecessor-version":[{"id":1340,"href":"https:\/\/tmlutherie.fr\/index.php?rest_route=\/wp\/v2\/pages\/519\/revisions\/1340"}],"up":[{"embeddable":true,"href":"https:\/\/tmlutherie.fr\/index.php?rest_route=\/wp\/v2\/pages\/78"}],"wp:attachment":[{"href":"https:\/\/tmlutherie.fr\/index.php?rest_route=%2Fwp%2Fv2%2Fmedia&parent=519"}],"curies":[{"name":"wp","href":"https:\/\/api.w.org\/{rel}","templated":true}]}}