{"id":278,"date":"2020-03-16T18:34:37","date_gmt":"2020-03-16T17:34:37","guid":{"rendered":"http:\/\/tmlutherie.fr\/?page_id=278"},"modified":"2023-03-08T12:28:49","modified_gmt":"2023-03-08T11:28:49","slug":"freyja","status":"publish","type":"page","link":"https:\/\/tmlutherie.fr\/?page_id=278","title":{"rendered":"Freyja"},"content":{"rendered":"\n<p class=\"has-text-align-left\" style=\"font-size:18px\"><strong>Freyja <\/strong>est une d\u00e9esse Vane. Au-del\u00e0 des symboles d\u2019amour, de fertilit\u00e9 et de beaut\u00e9 qu\u2019elle repr\u00e9sente, Freyja forme avec Odin la dyade embl\u00e9matique de la mythologie nordique.<br>Cette d\u00e9esse accueille la moiti\u00e9 des guerriers tomb\u00e9s au combat, Odin ouvrant ses portes \u00e0 l\u2019autre moiti\u00e9. Elle est m\u00eame parfois assimil\u00e9e \u00e0 Frigg, \u00e9pouse d\u2019Odin.<\/p>\n\n\n\n<p style=\"font-size:18px\">C\u2019est ce nom que j\u2019ai choisi pour mon mod\u00e8le inspir\u00e9 de la Stratocaster, l&#8217;un des deux mod\u00e8les les plus embl\u00e9matiques du monde de la guitare \u00e9lectrique.<\/p>\n\n\n\n<div class=\"wp-container-69f1db4d321d8 wp-block-buttons\">\n<div class=\"wp-block-button is-style-outline\"><a class=\"wp-block-button__link\" href=\"http:\/\/tmlutherie.fr\/?page_id=1453\" target=\"_blank\" rel=\"noreferrer noopener\"><strong>Freyja Helt Bl\u00e5<\/strong> (commande client)<\/a><\/div>\n<\/div>\n\n\n\n<p><\/p>\n\n\n\n<div class=\"wp-block-image is-style-rounded\"><figure class=\"aligncenter size-large is-resized\"><img loading=\"lazy\" src=\"http:\/\/tmlutherie.fr\/wp-content\/uploads\/2023\/03\/FREYJADG111-1024x1024.jpg\" alt=\"\" class=\"wp-image-1457\" width=\"256\" height=\"256\" srcset=\"https:\/\/tmlutherie.fr\/wp-content\/uploads\/2023\/03\/FREYJADG111-1024x1024.jpg 1024w, https:\/\/tmlutherie.fr\/wp-content\/uploads\/2023\/03\/FREYJADG111-300x300.jpg 300w, https:\/\/tmlutherie.fr\/wp-content\/uploads\/2023\/03\/FREYJADG111-150x150.jpg 150w, https:\/\/tmlutherie.fr\/wp-content\/uploads\/2023\/03\/FREYJADG111-768x768.jpg 768w, https:\/\/tmlutherie.fr\/wp-content\/uploads\/2023\/03\/FREYJADG111-1536x1536.jpg 1536w, https:\/\/tmlutherie.fr\/wp-content\/uploads\/2023\/03\/FREYJADG111-2048x2048.jpg 2048w, https:\/\/tmlutherie.fr\/wp-content\/uploads\/2023\/03\/FREYJADG111-1140x1140.jpg 1140w, https:\/\/tmlutherie.fr\/wp-content\/uploads\/2023\/03\/FREYJADG111-75x75.jpg 75w\" sizes=\"(max-width: 256px) 100vw, 256px\" \/><\/figure><\/div>\n\n\n\n<div class=\"wp-container-69f1db4d324aa wp-block-buttons\">\n<div class=\"wp-block-button aligncenter is-style-outline\"><a class=\"wp-block-button__link\" href=\"http:\/\/tmlutherie.fr\/?page_id=1535\" target=\"_blank\" rel=\"noreferrer noopener\"><strong>Freyja Winter <\/strong>(commande client)<\/a><\/div>\n<\/div>\n\n\n\n<p><\/p>\n\n\n\n<div class=\"wp-block-image is-style-rounded\"><figure class=\"aligncenter size-large is-resized\"><img loading=\"lazy\" src=\"http:\/\/tmlutherie.fr\/wp-content\/uploads\/2023\/03\/FREYJAQW111-1-1024x1024.jpg\" alt=\"\" class=\"wp-image-1538\" width=\"256\" height=\"256\" srcset=\"https:\/\/tmlutherie.fr\/wp-content\/uploads\/2023\/03\/FREYJAQW111-1-1024x1024.jpg 1024w, https:\/\/tmlutherie.fr\/wp-content\/uploads\/2023\/03\/FREYJAQW111-1-300x300.jpg 300w, https:\/\/tmlutherie.fr\/wp-content\/uploads\/2023\/03\/FREYJAQW111-1-150x150.jpg 150w, https:\/\/tmlutherie.fr\/wp-content\/uploads\/2023\/03\/FREYJAQW111-1-768x768.jpg 768w, https:\/\/tmlutherie.fr\/wp-content\/uploads\/2023\/03\/FREYJAQW111-1-1536x1536.jpg 1536w, https:\/\/tmlutherie.fr\/wp-content\/uploads\/2023\/03\/FREYJAQW111-1-2048x2048.jpg 2048w, https:\/\/tmlutherie.fr\/wp-content\/uploads\/2023\/03\/FREYJAQW111-1-1140x1140.jpg 1140w, https:\/\/tmlutherie.fr\/wp-content\/uploads\/2023\/03\/FREYJAQW111-1-75x75.jpg 75w\" sizes=\"(max-width: 256px) 100vw, 256px\" \/><\/figure><\/div>\n\n\n\n<div class=\"wp-container-69f1db4d32717 wp-block-buttons alignfull\">\n<div class=\"wp-block-button is-style-outline\"><a class=\"wp-block-button__link\" href=\"http:\/\/tmlutherie.fr\/?page_id=1083\" target=\"_blank\" rel=\"noreferrer noopener\"><strong>Freyja sonisk bl\u00e5<\/strong> (commande client)<\/a><\/div>\n<\/div>\n\n\n\n<p> <\/p>\n\n\n\n<div class=\"wp-block-image is-style-rounded\"><figure class=\"aligncenter size-large is-resized\"><img loading=\"lazy\" src=\"http:\/\/tmlutherie.fr\/wp-content\/uploads\/2021\/11\/FPC1c-1024x1024.jpg\" alt=\"\" class=\"wp-image-1080\" width=\"256\" height=\"256\" srcset=\"https:\/\/tmlutherie.fr\/wp-content\/uploads\/2021\/11\/FPC1c-1024x1024.jpg 1024w, https:\/\/tmlutherie.fr\/wp-content\/uploads\/2021\/11\/FPC1c-300x300.jpg 300w, https:\/\/tmlutherie.fr\/wp-content\/uploads\/2021\/11\/FPC1c-150x150.jpg 150w, https:\/\/tmlutherie.fr\/wp-content\/uploads\/2021\/11\/FPC1c-768x768.jpg 768w, https:\/\/tmlutherie.fr\/wp-content\/uploads\/2021\/11\/FPC1c-1536x1536.jpg 1536w, https:\/\/tmlutherie.fr\/wp-content\/uploads\/2021\/11\/FPC1c-2048x2048.jpg 2048w\" sizes=\"(max-width: 256px) 100vw, 256px\" \/><\/figure><\/div>\n\n\n\n<p> <\/p>\n\n\n\n<div class=\"wp-container-69f1db4d32985 wp-block-buttons\">\n<div class=\"wp-block-button is-style-outline\"><a class=\"wp-block-button__link\" href=\"http:\/\/tmlutherie.fr\/?page_id=672\" target=\"_blank\" rel=\"noreferrer noopener\"><strong>Freyja &#8220;Layla&#8221;<\/strong> (commande client)<\/a><\/div>\n<\/div>\n\n\n\n<p> <\/p>\n\n\n\n<div class=\"wp-block-image is-style-circle-mask\"><figure class=\"aligncenter size-large is-resized\"><img loading=\"lazy\" src=\"http:\/\/tmlutherie.fr\/wp-content\/uploads\/2020\/11\/1-1-1024x1024.jpg\" alt=\"\" class=\"wp-image-679\" width=\"256\" height=\"256\" srcset=\"https:\/\/tmlutherie.fr\/wp-content\/uploads\/2020\/11\/1-1-1024x1024.jpg 1024w, https:\/\/tmlutherie.fr\/wp-content\/uploads\/2020\/11\/1-1-300x300.jpg 300w, https:\/\/tmlutherie.fr\/wp-content\/uploads\/2020\/11\/1-1-150x150.jpg 150w, https:\/\/tmlutherie.fr\/wp-content\/uploads\/2020\/11\/1-1-768x768.jpg 768w, https:\/\/tmlutherie.fr\/wp-content\/uploads\/2020\/11\/1-1-1536x1536.jpg 1536w, https:\/\/tmlutherie.fr\/wp-content\/uploads\/2020\/11\/1-1-2048x2048.jpg 2048w\" sizes=\"(max-width: 256px) 100vw, 256px\" \/><\/figure><\/div>\n\n\n\n<p> <\/p>\n\n\n\n<div class=\"wp-container-69f1db4d32be0 wp-block-buttons\">\n<div class=\"wp-block-button aligncenter is-style-outline\"><a class=\"wp-block-button__link\" href=\"http:\/\/tmlutherie.fr\/?page_id=326\" target=\"_blank\" rel=\"noreferrer noopener\"><strong>Freyja la Comtoise<\/strong> (commande client) <\/a><\/div>\n<\/div>\n\n\n\n<p> <\/p>\n\n\n\n<div class=\"wp-block-image is-style-circle-mask\"><figure class=\"aligncenter size-large is-resized\"><img loading=\"lazy\" src=\"http:\/\/tmlutherie.fr\/wp-content\/uploads\/2020\/03\/h-1024x1024.jpg\" alt=\"\" class=\"wp-image-341\" width=\"256\" height=\"256\" srcset=\"https:\/\/tmlutherie.fr\/wp-content\/uploads\/2020\/03\/h-1024x1024.jpg 1024w, https:\/\/tmlutherie.fr\/wp-content\/uploads\/2020\/03\/h-300x300.jpg 300w, https:\/\/tmlutherie.fr\/wp-content\/uploads\/2020\/03\/h-150x150.jpg 150w, https:\/\/tmlutherie.fr\/wp-content\/uploads\/2020\/03\/h-768x768.jpg 768w, https:\/\/tmlutherie.fr\/wp-content\/uploads\/2020\/03\/h-1536x1536.jpg 1536w, https:\/\/tmlutherie.fr\/wp-content\/uploads\/2020\/03\/h-2048x2048.jpg 2048w\" sizes=\"(max-width: 256px) 100vw, 256px\" \/><\/figure><\/div>\n\n\n\n<p> <\/p>\n\n\n\n<div class=\"wp-container-69f1db4d32e3e wp-block-buttons\">\n<div class=\"wp-block-button aligncenter is-style-outline\"><a class=\"wp-block-button__link\" href=\"http:\/\/tmlutherie.fr\/?page_id=323\" target=\"_blank\" rel=\"noreferrer noopener\"><strong>Freyja sixty&#8217;s <\/strong>(commande client)<\/a><\/div>\n<\/div>\n\n\n\n<p> <\/p>\n\n\n\n<div class=\"wp-block-image is-style-circle-mask\"><figure class=\"aligncenter size-large is-resized\"><img loading=\"lazy\" src=\"http:\/\/tmlutherie.fr\/wp-content\/uploads\/2020\/03\/g-1024x1024.jpg\" alt=\"\" class=\"wp-image-339\" width=\"256\" height=\"256\" srcset=\"https:\/\/tmlutherie.fr\/wp-content\/uploads\/2020\/03\/g-1024x1024.jpg 1024w, https:\/\/tmlutherie.fr\/wp-content\/uploads\/2020\/03\/g-300x300.jpg 300w, https:\/\/tmlutherie.fr\/wp-content\/uploads\/2020\/03\/g-150x150.jpg 150w, https:\/\/tmlutherie.fr\/wp-content\/uploads\/2020\/03\/g-768x768.jpg 768w, https:\/\/tmlutherie.fr\/wp-content\/uploads\/2020\/03\/g-1536x1536.jpg 1536w, https:\/\/tmlutherie.fr\/wp-content\/uploads\/2020\/03\/g-2048x2048.jpg 2048w\" sizes=\"(max-width: 256px) 100vw, 256px\" \/><\/figure><\/div>\n\n\n\n<p> <\/p>\n\n\n\n<div class=\"wp-container-69f1db4d33099 wp-block-buttons\">\n<div class=\"wp-block-button aligncenter is-style-outline\"><a class=\"wp-block-button__link\" href=\"http:\/\/tmlutherie.fr\/?page_id=306\" target=\"_blank\" rel=\"noreferrer noopener\"><strong>Freyja nattbl\u00e5tt <\/strong><\/a><\/div>\n<\/div>\n\n\n\n<p> <\/p>\n\n\n\n<div class=\"wp-block-image is-style-circle-mask\"><figure class=\"aligncenter size-large is-resized\"><img loading=\"lazy\" src=\"http:\/\/tmlutherie.fr\/wp-content\/uploads\/2020\/03\/j-1024x1024.jpg\" alt=\"\" class=\"wp-image-340\" width=\"256\" height=\"256\" srcset=\"https:\/\/tmlutherie.fr\/wp-content\/uploads\/2020\/03\/j-1024x1024.jpg 1024w, https:\/\/tmlutherie.fr\/wp-content\/uploads\/2020\/03\/j-300x300.jpg 300w, https:\/\/tmlutherie.fr\/wp-content\/uploads\/2020\/03\/j-150x150.jpg 150w, https:\/\/tmlutherie.fr\/wp-content\/uploads\/2020\/03\/j-768x768.jpg 768w, https:\/\/tmlutherie.fr\/wp-content\/uploads\/2020\/03\/j-1536x1536.jpg 1536w, https:\/\/tmlutherie.fr\/wp-content\/uploads\/2020\/03\/j-2048x2048.jpg 2048w\" sizes=\"(max-width: 256px) 100vw, 256px\" \/><\/figure><\/div>\n\n\n\n<p><\/p>\n","protected":false},"excerpt":{"rendered":"<p>Freyja est une d\u00e9esse Vane. Au-del\u00e0 des symboles d\u2019amour, de fertilit\u00e9 et de beaut\u00e9 qu\u2019elle repr\u00e9sente, Freyja forme avec Odin la dyade embl\u00e9matique de la mythologie nordique.Cette d\u00e9esse accueille la moiti\u00e9 des guerriers tomb\u00e9s au combat, Odin ouvrant ses portes \u00e0 l\u2019autre moiti\u00e9. Elle est m\u00eame parfois assimil\u00e9e \u00e0 Frigg, \u00e9pouse d\u2019Odin. C\u2019est ce nom que j\u2019ai choisi pour mon mod\u00e8le inspir\u00e9 de la Stratocaster, l&#8217;un des deux mod\u00e8les les plus embl\u00e9matiques du monde de la guitare \u00e9lectrique.<\/p>\n","protected":false},"author":1,"featured_media":0,"parent":77,"menu_order":0,"comment_status":"closed","ping_status":"closed","template":"","meta":[],"uagb_featured_image_src":{"full":false,"thumbnail":false,"medium":false,"medium_large":false,"large":false,"1536x1536":false,"2048x2048":false,"ashe-slider-full-thumbnail":false,"ashe-full-thumbnail":false,"ashe-list-thumbnail":false,"ashe-grid-thumbnail":false,"ashe-single-navigation":false},"uagb_author_info":{"display_name":"admin8991","author_link":"https:\/\/tmlutherie.fr\/?author=1"},"uagb_comment_info":0,"uagb_excerpt":"Freyja est une d\u00e9esse Vane. Au-del\u00e0 des symboles d\u2019amour, de fertilit\u00e9 et de beaut\u00e9 qu\u2019elle repr\u00e9sente, Freyja forme avec Odin la dyade embl\u00e9matique de la mythologie nordique.Cette d\u00e9esse accueille la moiti\u00e9 des guerriers tomb\u00e9s au combat, Odin ouvrant ses portes \u00e0 l\u2019autre moiti\u00e9. Elle est m\u00eame parfois assimil\u00e9e \u00e0 Frigg, \u00e9pouse d\u2019Odin. C\u2019est ce nom&hellip;","_links":{"self":[{"href":"https:\/\/tmlutherie.fr\/index.php?rest_route=\/wp\/v2\/pages\/278"}],"collection":[{"href":"https:\/\/tmlutherie.fr\/index.php?rest_route=\/wp\/v2\/pages"}],"about":[{"href":"https:\/\/tmlutherie.fr\/index.php?rest_route=\/wp\/v2\/types\/page"}],"author":[{"embeddable":true,"href":"https:\/\/tmlutherie.fr\/index.php?rest_route=\/wp\/v2\/users\/1"}],"replies":[{"embeddable":true,"href":"https:\/\/tmlutherie.fr\/index.php?rest_route=%2Fwp%2Fv2%2Fcomments&post=278"}],"version-history":[{"count":33,"href":"https:\/\/tmlutherie.fr\/index.php?rest_route=\/wp\/v2\/pages\/278\/revisions"}],"predecessor-version":[{"id":1542,"href":"https:\/\/tmlutherie.fr\/index.php?rest_route=\/wp\/v2\/pages\/278\/revisions\/1542"}],"up":[{"embeddable":true,"href":"https:\/\/tmlutherie.fr\/index.php?rest_route=\/wp\/v2\/pages\/77"}],"wp:attachment":[{"href":"https:\/\/tmlutherie.fr\/index.php?rest_route=%2Fwp%2Fv2%2Fmedia&parent=278"}],"curies":[{"name":"wp","href":"https:\/\/api.w.org\/{rel}","templated":true}]}}

<p class="has-text-align-left" style="font-size:18px"><strong>Freyja </strong>est une déesse Vane. Au-delà des symboles d’amour, de fertilité et de beauté qu’elle représente, Freyja forme avec Odin la dyade emblématique de la mythologie nordique.<br>Cette déesse accueille la moitié des guerriers tombés au combat, Odin ouvrant ses portes à l’autre moitié. Elle est même parfois assimilée à Frigg, épouse d’Odin.</p>



<p style="font-size:18px">C’est ce nom que j’ai choisi pour mon modèle inspiré de la Stratocaster, l&#8217;un des deux modèles les plus emblématiques du monde de la guitare électrique.</p>



<div class="wp-container-69f1db4d321d8 wp-block-buttons">
<div class="wp-block-button is-style-outline"><a class="wp-block-button__link" href="http://tmlutherie.fr/?page_id=1453" target="_blank" rel="noreferrer noopener"><strong>Freyja Helt Blå</strong> (commande client)</a></div>
</div>



<p></p>



<div class="wp-block-image is-style-rounded"><figure class="aligncenter size-large is-resized"><img loading="lazy" src="http://tmlutherie.fr/wp-content/uploads/2023/03/FREYJADG111-1024x1024.jpg" alt="" class="wp-image-1457" width="256" height="256" srcset="https://tmlutherie.fr/wp-content/uploads/2023/03/FREYJADG111-1024x1024.jpg 1024w, https://tmlutherie.fr/wp-content/uploads/2023/03/FREYJADG111-300x300.jpg 300w, https://tmlutherie.fr/wp-content/uploads/2023/03/FREYJADG111-150x150.jpg 150w, https://tmlutherie.fr/wp-content/uploads/2023/03/FREYJADG111-768x768.jpg 768w, https://tmlutherie.fr/wp-content/uploads/2023/03/FREYJADG111-1536x1536.jpg 1536w, https://tmlutherie.fr/wp-content/uploads/2023/03/FREYJADG111-2048x2048.jpg 2048w, https://tmlutherie.fr/wp-content/uploads/2023/03/FREYJADG111-1140x1140.jpg 1140w, https://tmlutherie.fr/wp-content/uploads/2023/03/FREYJADG111-75x75.jpg 75w" sizes="(max-width: 256px) 100vw, 256px" /></figure></div>



<div class="wp-container-69f1db4d324aa wp-block-buttons">
<div class="wp-block-button aligncenter is-style-outline"><a class="wp-block-button__link" href="http://tmlutherie.fr/?page_id=1535" target="_blank" rel="noreferrer noopener"><strong>Freyja Winter </strong>(commande client)</a></div>
</div>



<p></p>



<div class="wp-block-image is-style-rounded"><figure class="aligncenter size-large is-resized"><img loading="lazy" src="http://tmlutherie.fr/wp-content/uploads/2023/03/FREYJAQW111-1-1024x1024.jpg" alt="" class="wp-image-1538" width="256" height="256" srcset="https://tmlutherie.fr/wp-content/uploads/2023/03/FREYJAQW111-1-1024x1024.jpg 1024w, https://tmlutherie.fr/wp-content/uploads/2023/03/FREYJAQW111-1-300x300.jpg 300w, https://tmlutherie.fr/wp-content/uploads/2023/03/FREYJAQW111-1-150x150.jpg 150w, https://tmlutherie.fr/wp-content/uploads/2023/03/FREYJAQW111-1-768x768.jpg 768w, https://tmlutherie.fr/wp-content/uploads/2023/03/FREYJAQW111-1-1536x1536.jpg 1536w, https://tmlutherie.fr/wp-content/uploads/2023/03/FREYJAQW111-1-2048x2048.jpg 2048w, https://tmlutherie.fr/wp-content/uploads/2023/03/FREYJAQW111-1-1140x1140.jpg 1140w, https://tmlutherie.fr/wp-content/uploads/2023/03/FREYJAQW111-1-75x75.jpg 75w" sizes="(max-width: 256px) 100vw, 256px" /></figure></div>



<div class="wp-container-69f1db4d32717 wp-block-buttons alignfull">
<div class="wp-block-button is-style-outline"><a class="wp-block-button__link" href="http://tmlutherie.fr/?page_id=1083" target="_blank" rel="noreferrer noopener"><strong>Freyja sonisk blå</strong> (commande client)</a></div>
</div>



<p> </p>



<div class="wp-block-image is-style-rounded"><figure class="aligncenter size-large is-resized"><img loading="lazy" src="http://tmlutherie.fr/wp-content/uploads/2021/11/FPC1c-1024x1024.jpg" alt="" class="wp-image-1080" width="256" height="256" srcset="https://tmlutherie.fr/wp-content/uploads/2021/11/FPC1c-1024x1024.jpg 1024w, https://tmlutherie.fr/wp-content/uploads/2021/11/FPC1c-300x300.jpg 300w, https://tmlutherie.fr/wp-content/uploads/2021/11/FPC1c-150x150.jpg 150w, https://tmlutherie.fr/wp-content/uploads/2021/11/FPC1c-768x768.jpg 768w, https://tmlutherie.fr/wp-content/uploads/2021/11/FPC1c-1536x1536.jpg 1536w, https://tmlutherie.fr/wp-content/uploads/2021/11/FPC1c-2048x2048.jpg 2048w" sizes="(max-width: 256px) 100vw, 256px" /></figure></div>



<p> </p>



<div class="wp-container-69f1db4d32985 wp-block-buttons">
<div class="wp-block-button is-style-outline"><a class="wp-block-button__link" href="http://tmlutherie.fr/?page_id=672" target="_blank" rel="noreferrer noopener"><strong>Freyja &#8220;Layla&#8221;</strong> (commande client)</a></div>
</div>



<p> </p>



<div class="wp-block-image is-style-circle-mask"><figure class="aligncenter size-large is-resized"><img loading="lazy" src="http://tmlutherie.fr/wp-content/uploads/2020/11/1-1-1024x1024.jpg" alt="" class="wp-image-679" width="256" height="256" srcset="https://tmlutherie.fr/wp-content/uploads/2020/11/1-1-1024x1024.jpg 1024w, https://tmlutherie.fr/wp-content/uploads/2020/11/1-1-300x300.jpg 300w, https://tmlutherie.fr/wp-content/uploads/2020/11/1-1-150x150.jpg 150w, https://tmlutherie.fr/wp-content/uploads/2020/11/1-1-768x768.jpg 768w, https://tmlutherie.fr/wp-content/uploads/2020/11/1-1-1536x1536.jpg 1536w, https://tmlutherie.fr/wp-content/uploads/2020/11/1-1-2048x2048.jpg 2048w" sizes="(max-width: 256px) 100vw, 256px" /></figure></div>



<p> </p>



<div class="wp-container-69f1db4d32be0 wp-block-buttons">
<div class="wp-block-button aligncenter is-style-outline"><a class="wp-block-button__link" href="http://tmlutherie.fr/?page_id=326" target="_blank" rel="noreferrer noopener"><strong>Freyja la Comtoise</strong> (commande client) </a></div>
</div>



<p> </p>



<div class="wp-block-image is-style-circle-mask"><figure class="aligncenter size-large is-resized"><img loading="lazy" src="http://tmlutherie.fr/wp-content/uploads/2020/03/h-1024x1024.jpg" alt="" class="wp-image-341" width="256" height="256" srcset="https://tmlutherie.fr/wp-content/uploads/2020/03/h-1024x1024.jpg 1024w, https://tmlutherie.fr/wp-content/uploads/2020/03/h-300x300.jpg 300w, https://tmlutherie.fr/wp-content/uploads/2020/03/h-150x150.jpg 150w, https://tmlutherie.fr/wp-content/uploads/2020/03/h-768x768.jpg 768w, https://tmlutherie.fr/wp-content/uploads/2020/03/h-1536x1536.jpg 1536w, https://tmlutherie.fr/wp-content/uploads/2020/03/h-2048x2048.jpg 2048w" sizes="(max-width: 256px) 100vw, 256px" /></figure></div>



<p> </p>



<div class="wp-container-69f1db4d32e3e wp-block-buttons">
<div class="wp-block-button aligncenter is-style-outline"><a class="wp-block-button__link" href="http://tmlutherie.fr/?page_id=323" target="_blank" rel="noreferrer noopener"><strong>Freyja sixty&#8217;s </strong>(commande client)</a></div>
</div>



<p> </p>



<div class="wp-block-image is-style-circle-mask"><figure class="aligncenter size-large is-resized"><img loading="lazy" src="http://tmlutherie.fr/wp-content/uploads/2020/03/g-1024x1024.jpg" alt="" class="wp-image-339" width="256" height="256" srcset="https://tmlutherie.fr/wp-content/uploads/2020/03/g-1024x1024.jpg 1024w, https://tmlutherie.fr/wp-content/uploads/2020/03/g-300x300.jpg 300w, https://tmlutherie.fr/wp-content/uploads/2020/03/g-150x150.jpg 150w, https://tmlutherie.fr/wp-content/uploads/2020/03/g-768x768.jpg 768w, https://tmlutherie.fr/wp-content/uploads/2020/03/g-1536x1536.jpg 1536w, https://tmlutherie.fr/wp-content/uploads/2020/03/g-2048x2048.jpg 2048w" sizes="(max-width: 256px) 100vw, 256px" /></figure></div>



<p> </p>



<div class="wp-container-69f1db4d33099 wp-block-buttons">
<div class="wp-block-button aligncenter is-style-outline"><a class="wp-block-button__link" href="http://tmlutherie.fr/?page_id=306" target="_blank" rel="noreferrer noopener"><strong>Freyja nattblått </strong></a></div>
</div>



<p> </p>



<div class="wp-block-image is-style-circle-mask"><figure class="aligncenter size-large is-resized"><img loading="lazy" src="http://tmlutherie.fr/wp-content/uploads/2020/03/j-1024x1024.jpg" alt="" class="wp-image-340" width="256" height="256" srcset="https://tmlutherie.fr/wp-content/uploads/2020/03/j-1024x1024.jpg 1024w, https://tmlutherie.fr/wp-content/uploads/2020/03/j-300x300.jpg 300w, https://tmlutherie.fr/wp-content/uploads/2020/03/j-150x150.jpg 150w, https://tmlutherie.fr/wp-content/uploads/2020/03/j-768x768.jpg 768w, https://tmlutherie.fr/wp-content/uploads/2020/03/j-1536x1536.jpg 1536w, https://tmlutherie.fr/wp-content/uploads/2020/03/j-2048x2048.jpg 2048w" sizes="(max-width: 256px) 100vw, 256px" /></figure></div>



<p></p>

<p>Freyja est une déesse Vane. Au-delà des symboles d’amour, de fertilité et de beauté qu’elle représente, Freyja forme avec Odin la dyade emblématique de la mythologie nordique.Cette déesse accueille la moitié des guerriers tombés au combat, Odin ouvrant ses portes à l’autre moitié. Elle est même parfois assimilée à Frigg, épouse d’Odin. C’est ce nom que j’ai choisi pour mon modèle inspiré de la Stratocaster, l&#8217;un des deux modèles les plus emblématiques du monde de la guitare électrique.</p>

Freyja est une déesse Vane. Au-delà des symboles d’amour, de fertilité et de beauté qu’elle représente, Freyja forme avec Odin la dyade emblématique de la mythologie nordique.Cette déesse accueille la moitié des guerriers tombés au combat, Odin ouvrant ses portes à l’autre moitié. Elle est même parfois assimilée à Frigg, épouse d’Odin. C’est ce nom&hellip;
