{"id":21,"date":"2019-12-01T19:04:59","date_gmt":"2019-12-01T18:04:59","guid":{"rendered":"http:\/\/tmlutherie.fr\/?page_id=21"},"modified":"2022-01-04T10:44:49","modified_gmt":"2022-01-04T09:44:49","slug":"qui-suis-je","status":"publish","type":"page","link":"https:\/\/tmlutherie.fr\/?page_id=21","title":{"rendered":"Qui suis-je ?"},"content":{"rendered":"\n<div class=\"wp-block-media-text alignwide is-stacked-on-mobile is-vertically-aligned-center\" style=\"grid-template-columns:26% auto\"><figure class=\"wp-block-media-text__media\"><img loading=\"lazy\" width=\"683\" height=\"1024\" src=\"http:\/\/tmlutherie.fr\/wp-content\/uploads\/2019\/12\/TM-Lutherie-11-683x1024.jpg\" alt=\"\" class=\"wp-image-250 size-full\" srcset=\"https:\/\/tmlutherie.fr\/wp-content\/uploads\/2019\/12\/TM-Lutherie-11-683x1024.jpg 683w, https:\/\/tmlutherie.fr\/wp-content\/uploads\/2019\/12\/TM-Lutherie-11-200x300.jpg 200w, https:\/\/tmlutherie.fr\/wp-content\/uploads\/2019\/12\/TM-Lutherie-11-768x1151.jpg 768w, https:\/\/tmlutherie.fr\/wp-content\/uploads\/2019\/12\/TM-Lutherie-11-1025x1536.jpg 1025w, https:\/\/tmlutherie.fr\/wp-content\/uploads\/2019\/12\/TM-Lutherie-11-scaled.jpg 1708w\" sizes=\"(max-width: 683px) 100vw, 683px\" \/><\/figure><div class=\"wp-block-media-text__content\">\n<p>          Au d\u00e9part, je voulais vendre des instruments de musique. Eh bien, finalement, \u00e7a ne s\u2019est pas vraiment pass\u00e9 comme \u00e7a.<\/p>\n\n\n\n<p>C\u2019est \u00e0 l\u2019ITEMM pendant ma formation en commerce, que je me\nsuis rapproch\u00e9 peu \u00e0 peu de la lutherie. A voir tous ces apprentis r\u00e9parer et\nfabriquer des guitares, je me suis laiss\u00e9 tenter.<\/p>\n\n\n\n<p>          J\u2019ai donc choisi d\u2019effectuer les quatre ann\u00e9es de CAP puis BMA en apprentissage, accompagn\u00e9 par d\u2019excellents formateurs ainsi qu\u2019un ma\u00eetre d\u2019apprentissage attentif et d\u00e9vou\u00e9&nbsp;; Baptiste MICOUD.<\/p>\n\n\n\n<p>Tout au long de ma formation, je me suis questionn\u00e9 et ai eu\nenvie d\u2019apporter des innovations dans le milieu de la lutherie, tant en termes\ntechniques qu\u2019esth\u00e9tiques.<\/p>\n\n\n\n<p>          Alors depuis juillet 2019, j\u2019ai le plaisir de pouvoir vous proposer mes services au sein d\u2019un atelier install\u00e9 \u00e0 Geay en Charente-Maritime (17).<\/p>\n\n\n\n<p>Je me suis ainsi sp\u00e9cialis\u00e9 dans la fabrication de guitares\net basses \u00e9lectriques, tout en proposant des services d\u2019entretien et de\nr\u00e9paration adapt\u00e9s \u00e0 vos besoins sur tous types d\u2019instruments \u00e0 cordes.<\/p>\n\n\n\n<p>Si vous avez la moindre question ou juste l\u2019envie de passer dire\nbonjour, n\u2019h\u00e9sitez pas \u00e0 me contacter&nbsp;!<\/p>\n\n\n\n<p class=\"has-text-align-right\">Thomas<\/p>\n<\/div><\/div>\n","protected":false},"excerpt":{"rendered":"<p>Au d\u00e9part, je voulais vendre des instruments de musique. Eh bien, finalement, \u00e7a ne s\u2019est pas vraiment pass\u00e9 comme \u00e7a. C\u2019est \u00e0 l\u2019ITEMM pendant ma formation en commerce, que je me suis rapproch\u00e9 peu \u00e0 peu de la lutherie. A voir tous ces apprentis r\u00e9parer et fabriquer des guitares, je me suis laiss\u00e9 tenter. J\u2019ai donc choisi d\u2019effectuer les quatre ann\u00e9es de CAP puis BMA en apprentissage, accompagn\u00e9 par d\u2019excellents formateurs ainsi qu\u2019un ma\u00eetre d\u2019apprentissage attentif et d\u00e9vou\u00e9&nbsp;; Baptiste MICOUD. Tout au long de ma formation, je me suis questionn\u00e9 et ai eu envie d\u2019apporter des innovations dans le milieu de la lutherie, tant en termes techniques qu\u2019esth\u00e9tiques. Alors depuis juillet 2019, j\u2019ai le plaisir de pouvoir vous proposer mes services au sein d\u2019un atelier install\u00e9 \u00e0 Geay en Charente-Maritime (17). Je me suis ainsi sp\u00e9cialis\u00e9 dans la fabrication de guitares et basses \u00e9lectriques, tout en proposant des services d\u2019entretien et de r\u00e9paration adapt\u00e9s \u00e0 vos besoins sur tous types d\u2019instruments \u00e0 cordes. Si vous avez la moindre question ou juste l\u2019envie de passer dire bonjour, n\u2019h\u00e9sitez pas \u00e0 me contacter&nbsp;! Thomas<\/p>\n","protected":false},"author":1,"featured_media":0,"parent":0,"menu_order":0,"comment_status":"closed","ping_status":"closed","template":"","meta":[],"uagb_featured_image_src":{"full":false,"thumbnail":false,"medium":false,"medium_large":false,"large":false,"1536x1536":false,"2048x2048":false,"ashe-slider-full-thumbnail":false,"ashe-full-thumbnail":false,"ashe-list-thumbnail":false,"ashe-grid-thumbnail":false,"ashe-single-navigation":false},"uagb_author_info":{"display_name":"admin8991","author_link":"https:\/\/tmlutherie.fr\/?author=1"},"uagb_comment_info":0,"uagb_excerpt":"Au d\u00e9part, je voulais vendre des instruments de musique. Eh bien, finalement, \u00e7a ne s\u2019est pas vraiment pass\u00e9 comme \u00e7a. C\u2019est \u00e0 l\u2019ITEMM pendant ma formation en commerce, que je me suis rapproch\u00e9 peu \u00e0 peu de la lutherie. A voir tous ces apprentis r\u00e9parer et fabriquer des guitares, je me suis laiss\u00e9 tenter. J\u2019ai&hellip;","_links":{"self":[{"href":"https:\/\/tmlutherie.fr\/index.php?rest_route=\/wp\/v2\/pages\/21"}],"collection":[{"href":"https:\/\/tmlutherie.fr\/index.php?rest_route=\/wp\/v2\/pages"}],"about":[{"href":"https:\/\/tmlutherie.fr\/index.php?rest_route=\/wp\/v2\/types\/page"}],"author":[{"embeddable":true,"href":"https:\/\/tmlutherie.fr\/index.php?rest_route=\/wp\/v2\/users\/1"}],"replies":[{"embeddable":true,"href":"https:\/\/tmlutherie.fr\/index.php?rest_route=%2Fwp%2Fv2%2Fcomments&post=21"}],"version-history":[{"count":4,"href":"https:\/\/tmlutherie.fr\/index.php?rest_route=\/wp\/v2\/pages\/21\/revisions"}],"predecessor-version":[{"id":1196,"href":"https:\/\/tmlutherie.fr\/index.php?rest_route=\/wp\/v2\/pages\/21\/revisions\/1196"}],"wp:attachment":[{"href":"https:\/\/tmlutherie.fr\/index.php?rest_route=%2Fwp%2Fv2%2Fmedia&parent=21"}],"curies":[{"name":"wp","href":"https:\/\/api.w.org\/{rel}","templated":true}]}}

<div class="wp-block-media-text alignwide is-stacked-on-mobile is-vertically-aligned-center" style="grid-template-columns:26% auto"><figure class="wp-block-media-text__media"><img loading="lazy" width="683" height="1024" src="http://tmlutherie.fr/wp-content/uploads/2019/12/TM-Lutherie-11-683x1024.jpg" alt="" class="wp-image-250 size-full" srcset="https://tmlutherie.fr/wp-content/uploads/2019/12/TM-Lutherie-11-683x1024.jpg 683w, https://tmlutherie.fr/wp-content/uploads/2019/12/TM-Lutherie-11-200x300.jpg 200w, https://tmlutherie.fr/wp-content/uploads/2019/12/TM-Lutherie-11-768x1151.jpg 768w, https://tmlutherie.fr/wp-content/uploads/2019/12/TM-Lutherie-11-1025x1536.jpg 1025w, https://tmlutherie.fr/wp-content/uploads/2019/12/TM-Lutherie-11-scaled.jpg 1708w" sizes="(max-width: 683px) 100vw, 683px" /></figure><div class="wp-block-media-text__content">
<p>          Au départ, je voulais vendre des instruments de musique. Eh bien, finalement, ça ne s’est pas vraiment passé comme ça.</p>



<p>C’est à l’ITEMM pendant ma formation en commerce, que je me
suis rapproché peu à peu de la lutherie. A voir tous ces apprentis réparer et
fabriquer des guitares, je me suis laissé tenter.</p>



<p>          J’ai donc choisi d’effectuer les quatre années de CAP puis BMA en apprentissage, accompagné par d’excellents formateurs ainsi qu’un maître d’apprentissage attentif et dévoué&nbsp;; Baptiste MICOUD.</p>



<p>Tout au long de ma formation, je me suis questionné et ai eu
envie d’apporter des innovations dans le milieu de la lutherie, tant en termes
techniques qu’esthétiques.</p>



<p>          Alors depuis juillet 2019, j’ai le plaisir de pouvoir vous proposer mes services au sein d’un atelier installé à Geay en Charente-Maritime (17).</p>



<p>Je me suis ainsi spécialisé dans la fabrication de guitares
et basses électriques, tout en proposant des services d’entretien et de
réparation adaptés à vos besoins sur tous types d’instruments à cordes.</p>



<p>Si vous avez la moindre question ou juste l’envie de passer dire
bonjour, n’hésitez pas à me contacter&nbsp;!</p>



<p class="has-text-align-right">Thomas</p>
</div></div>

<p>Au départ, je voulais vendre des instruments de musique. Eh bien, finalement, ça ne s’est pas vraiment passé comme ça. C’est à l’ITEMM pendant ma formation en commerce, que je me suis rapproché peu à peu de la lutherie. A voir tous ces apprentis réparer et fabriquer des guitares, je me suis laissé tenter. J’ai donc choisi d’effectuer les quatre années de CAP puis BMA en apprentissage, accompagné par d’excellents formateurs ainsi qu’un maître d’apprentissage attentif et dévoué&nbsp;; Baptiste MICOUD. Tout au long de ma formation, je me suis questionné et ai eu envie d’apporter des innovations dans le milieu de la lutherie, tant en termes techniques qu’esthétiques. Alors depuis juillet 2019, j’ai le plaisir de pouvoir vous proposer mes services au sein d’un atelier installé à Geay en Charente-Maritime (17). Je me suis ainsi spécialisé dans la fabrication de guitares et basses électriques, tout en proposant des services d’entretien et de réparation adaptés à vos besoins sur tous types d’instruments à cordes. Si vous avez la moindre question ou juste l’envie de passer dire bonjour, n’hésitez pas à me contacter&nbsp;! Thomas</p>

Au départ, je voulais vendre des instruments de musique. Eh bien, finalement, ça ne s’est pas vraiment passé comme ça. C’est à l’ITEMM pendant ma formation en commerce, que je me suis rapproché peu à peu de la lutherie. A voir tous ces apprentis réparer et fabriquer des guitares, je me suis laissé tenter. J’ai&hellip;
