{"id":1473,"date":"2023-03-08T11:38:33","date_gmt":"2023-03-08T10:38:33","guid":{"rendered":"http:\/\/tmlutherie.fr\/?page_id=1473"},"modified":"2023-03-08T11:54:34","modified_gmt":"2023-03-08T10:54:34","slug":"loki-basse","status":"publish","type":"page","link":"https:\/\/tmlutherie.fr\/?page_id=1473","title":{"rendered":"Loki Basse"},"content":{"rendered":"\n<p style=\"font-size:18px\">Dans la mythologie nordique, <strong>Loki<\/strong>, consid\u00e9r\u00e9 comme un dieu, poss\u00e8de le pouvoir de m\u00e9tamorphose et l&#8217;utilise afin de s&#8217;adapter \u00e0 de nombreuses situations. <\/p>\n\n\n\n<p style=\"font-size:18px\">C&#8217;est pourquoi j&#8217;ai choisi d&#8217;emprunter ce nom pour mes diff\u00e9rentes cr\u00e9ations de basses inspir\u00e9es de mod\u00e8les existants. <\/p>\n\n\n\n<p><\/p>\n\n\n\n<div class=\"wp-container-69f1d8a25bc6a wp-block-buttons\">\n<div class=\"wp-block-button is-style-outline\"><a class=\"wp-block-button__link\" href=\"http:\/\/tmlutherie.fr\/?page_id=1483\" target=\"_blank\" rel=\"noreferrer noopener\"><strong>Loki Rick 4005<\/strong> (commande client)<\/a><\/div>\n<\/div>\n\n\n\n<p><\/p>\n\n\n\n<div class=\"wp-block-image is-style-rounded\"><figure class=\"aligncenter size-large is-resized\"><img loading=\"lazy\" src=\"http:\/\/tmlutherie.fr\/wp-content\/uploads\/2023\/03\/LOKIRKG111-1024x1024.jpg\" alt=\"\" class=\"wp-image-1478\" width=\"256\" height=\"256\" srcset=\"https:\/\/tmlutherie.fr\/wp-content\/uploads\/2023\/03\/LOKIRKG111-1024x1024.jpg 1024w, https:\/\/tmlutherie.fr\/wp-content\/uploads\/2023\/03\/LOKIRKG111-300x300.jpg 300w, https:\/\/tmlutherie.fr\/wp-content\/uploads\/2023\/03\/LOKIRKG111-150x150.jpg 150w, https:\/\/tmlutherie.fr\/wp-content\/uploads\/2023\/03\/LOKIRKG111-768x768.jpg 768w, https:\/\/tmlutherie.fr\/wp-content\/uploads\/2023\/03\/LOKIRKG111-1536x1536.jpg 1536w, https:\/\/tmlutherie.fr\/wp-content\/uploads\/2023\/03\/LOKIRKG111-2048x2048.jpg 2048w, https:\/\/tmlutherie.fr\/wp-content\/uploads\/2023\/03\/LOKIRKG111-1140x1140.jpg 1140w, https:\/\/tmlutherie.fr\/wp-content\/uploads\/2023\/03\/LOKIRKG111-75x75.jpg 75w\" sizes=\"(max-width: 256px) 100vw, 256px\" \/><\/figure><\/div>\n","protected":false},"excerpt":{"rendered":"<p>Dans la mythologie nordique, Loki, consid\u00e9r\u00e9 comme un dieu, poss\u00e8de le pouvoir de m\u00e9tamorphose et l&#8217;utilise afin de s&#8217;adapter \u00e0 de nombreuses situations. C&#8217;est pourquoi j&#8217;ai choisi d&#8217;emprunter ce nom pour mes diff\u00e9rentes cr\u00e9ations de basses inspir\u00e9es de mod\u00e8les existants.<\/p>\n","protected":false},"author":1,"featured_media":0,"parent":78,"menu_order":0,"comment_status":"closed","ping_status":"closed","template":"","meta":[],"uagb_featured_image_src":{"full":false,"thumbnail":false,"medium":false,"medium_large":false,"large":false,"1536x1536":false,"2048x2048":false,"ashe-slider-full-thumbnail":false,"ashe-full-thumbnail":false,"ashe-list-thumbnail":false,"ashe-grid-thumbnail":false,"ashe-single-navigation":false},"uagb_author_info":{"display_name":"admin8991","author_link":"https:\/\/tmlutherie.fr\/?author=1"},"uagb_comment_info":0,"uagb_excerpt":"Dans la mythologie nordique, Loki, consid\u00e9r\u00e9 comme un dieu, poss\u00e8de le pouvoir de m\u00e9tamorphose et l&#8217;utilise afin de s&#8217;adapter \u00e0 de nombreuses situations. C&#8217;est pourquoi j&#8217;ai choisi d&#8217;emprunter ce nom pour mes diff\u00e9rentes cr\u00e9ations de basses inspir\u00e9es de mod\u00e8les existants.","_links":{"self":[{"href":"https:\/\/tmlutherie.fr\/index.php?rest_route=\/wp\/v2\/pages\/1473"}],"collection":[{"href":"https:\/\/tmlutherie.fr\/index.php?rest_route=\/wp\/v2\/pages"}],"about":[{"href":"https:\/\/tmlutherie.fr\/index.php?rest_route=\/wp\/v2\/types\/page"}],"author":[{"embeddable":true,"href":"https:\/\/tmlutherie.fr\/index.php?rest_route=\/wp\/v2\/users\/1"}],"replies":[{"embeddable":true,"href":"https:\/\/tmlutherie.fr\/index.php?rest_route=%2Fwp%2Fv2%2Fcomments&post=1473"}],"version-history":[{"count":4,"href":"https:\/\/tmlutherie.fr\/index.php?rest_route=\/wp\/v2\/pages\/1473\/revisions"}],"predecessor-version":[{"id":1485,"href":"https:\/\/tmlutherie.fr\/index.php?rest_route=\/wp\/v2\/pages\/1473\/revisions\/1485"}],"up":[{"embeddable":true,"href":"https:\/\/tmlutherie.fr\/index.php?rest_route=\/wp\/v2\/pages\/78"}],"wp:attachment":[{"href":"https:\/\/tmlutherie.fr\/index.php?rest_route=%2Fwp%2Fv2%2Fmedia&parent=1473"}],"curies":[{"name":"wp","href":"https:\/\/api.w.org\/{rel}","templated":true}]}}