{"id":1453,"date":"2023-03-08T11:25:02","date_gmt":"2023-03-08T10:25:02","guid":{"rendered":"http:\/\/tmlutherie.fr\/?page_id=1453"},"modified":"2023-03-08T11:50:30","modified_gmt":"2023-03-08T10:50:30","slug":"freyja-helt-bla-commande-client","status":"publish","type":"page","link":"https:\/\/tmlutherie.fr\/?page_id=1453","title":{"rendered":"Freyja Helt Bl\u00e5 (commande client)"},"content":{"rendered":"\n<div class=\"wp-block-image\"><figure class=\"aligncenter size-large is-resized\"><img loading=\"lazy\" src=\"http:\/\/tmlutherie.fr\/wp-content\/uploads\/2023\/03\/FREYJADG1-1024x683.jpg\" alt=\"\" class=\"wp-image-1454\" width=\"768\" height=\"512\" srcset=\"https:\/\/tmlutherie.fr\/wp-content\/uploads\/2023\/03\/FREYJADG1-1024x683.jpg 1024w, https:\/\/tmlutherie.fr\/wp-content\/uploads\/2023\/03\/FREYJADG1-300x200.jpg 300w, https:\/\/tmlutherie.fr\/wp-content\/uploads\/2023\/03\/FREYJADG1-768x512.jpg 768w, https:\/\/tmlutherie.fr\/wp-content\/uploads\/2023\/03\/FREYJADG1-1536x1024.jpg 1536w, https:\/\/tmlutherie.fr\/wp-content\/uploads\/2023\/03\/FREYJADG1-2048x1365.jpg 2048w, https:\/\/tmlutherie.fr\/wp-content\/uploads\/2023\/03\/FREYJADG1-1140x760.jpg 1140w\" sizes=\"(max-width: 768px) 100vw, 768px\" \/><\/figure><\/div>\n\n\n\n<p class=\"has-text-align-center\">Corps en korina<br>Table en \u00e9rable ond\u00e9<br>Manche en \u00e9rable ond\u00e9, renforts carbone<br>Touche en \u00e9b\u00e8ne, diapason 648mm<br>24 frettes m\u00e9dium jumbo inox, R17&#8243;<br>M\u00e9caniques Schaller \u00e0 blocage<br>Sillet \u00e0 rouleaux et frette 0<br>Rep\u00e8res Luminlay bleus<br>Chevalet tremolo Vigier avec pontets \u00e0 rouleaux<br>Micros @dimarzioinc Dreamcatcher et Rainmaker<br>\u00c9lectronique : Potentiom\u00e8tres CTS push-pull split, <br>s\u00e9lecteur 3P, jack tube Switchcraft, condensateur Russian oil paper<br>Teint\u00e9 bleu profond<br>Finition vernis satin\u00e9 et brillant<\/p>\n\n\n\n<figure class=\"wp-block-gallery has-nested-images columns-2 is-cropped\">\n<figure class=\"wp-block-image size-large\"><img loading=\"lazy\" width=\"1024\" height=\"683\" data-id=\"1461\"  src=\"http:\/\/tmlutherie.fr\/wp-content\/uploads\/2023\/03\/FREYJADG2-1024x683.jpg\" alt=\"\" class=\"wp-image-1461\" srcset=\"https:\/\/tmlutherie.fr\/wp-content\/uploads\/2023\/03\/FREYJADG2-1024x683.jpg 1024w, https:\/\/tmlutherie.fr\/wp-content\/uploads\/2023\/03\/FREYJADG2-300x200.jpg 300w, https:\/\/tmlutherie.fr\/wp-content\/uploads\/2023\/03\/FREYJADG2-768x512.jpg 768w, https:\/\/tmlutherie.fr\/wp-content\/uploads\/2023\/03\/FREYJADG2-1536x1024.jpg 1536w, https:\/\/tmlutherie.fr\/wp-content\/uploads\/2023\/03\/FREYJADG2-2048x1365.jpg 2048w, https:\/\/tmlutherie.fr\/wp-content\/uploads\/2023\/03\/FREYJADG2-1140x760.jpg 1140w\" sizes=\"(max-width: 1024px) 100vw, 1024px\" \/><\/figure>\n\n\n\n<figure class=\"wp-block-image size-large\"><img loading=\"lazy\" width=\"1024\" height=\"683\" data-id=\"1462\"  src=\"http:\/\/tmlutherie.fr\/wp-content\/uploads\/2023\/03\/FREYJADG3-1024x683.jpg\" alt=\"\" class=\"wp-image-1462\" srcset=\"https:\/\/tmlutherie.fr\/wp-content\/uploads\/2023\/03\/FREYJADG3-1024x683.jpg 1024w, https:\/\/tmlutherie.fr\/wp-content\/uploads\/2023\/03\/FREYJADG3-300x200.jpg 300w, https:\/\/tmlutherie.fr\/wp-content\/uploads\/2023\/03\/FREYJADG3-768x512.jpg 768w, https:\/\/tmlutherie.fr\/wp-content\/uploads\/2023\/03\/FREYJADG3-1536x1024.jpg 1536w, https:\/\/tmlutherie.fr\/wp-content\/uploads\/2023\/03\/FREYJADG3-2048x1366.jpg 2048w, https:\/\/tmlutherie.fr\/wp-content\/uploads\/2023\/03\/FREYJADG3-1140x760.jpg 1140w\" sizes=\"(max-width: 1024px) 100vw, 1024px\" \/><\/figure>\n\n\n\n<figure class=\"wp-block-image size-large\"><img loading=\"lazy\" width=\"1024\" height=\"683\" data-id=\"1500\"  src=\"http:\/\/tmlutherie.fr\/wp-content\/uploads\/2023\/03\/FREYJADG4-1-1024x683.jpg\" alt=\"\" class=\"wp-image-1500\" srcset=\"https:\/\/tmlutherie.fr\/wp-content\/uploads\/2023\/03\/FREYJADG4-1-1024x683.jpg 1024w, https:\/\/tmlutherie.fr\/wp-content\/uploads\/2023\/03\/FREYJADG4-1-300x200.jpg 300w, https:\/\/tmlutherie.fr\/wp-content\/uploads\/2023\/03\/FREYJADG4-1-768x512.jpg 768w, https:\/\/tmlutherie.fr\/wp-content\/uploads\/2023\/03\/FREYJADG4-1-1536x1024.jpg 1536w, https:\/\/tmlutherie.fr\/wp-content\/uploads\/2023\/03\/FREYJADG4-1-2048x1365.jpg 2048w, https:\/\/tmlutherie.fr\/wp-content\/uploads\/2023\/03\/FREYJADG4-1-1140x760.jpg 1140w\" sizes=\"(max-width: 1024px) 100vw, 1024px\" \/><\/figure>\n\n\n\n<figure class=\"wp-block-image size-large\"><img loading=\"lazy\" width=\"1024\" height=\"683\" data-id=\"1501\"  src=\"http:\/\/tmlutherie.fr\/wp-content\/uploads\/2023\/03\/FREYJADG5-1-1024x683.jpg\" alt=\"\" class=\"wp-image-1501\" srcset=\"https:\/\/tmlutherie.fr\/wp-content\/uploads\/2023\/03\/FREYJADG5-1-1024x683.jpg 1024w, https:\/\/tmlutherie.fr\/wp-content\/uploads\/2023\/03\/FREYJADG5-1-300x200.jpg 300w, https:\/\/tmlutherie.fr\/wp-content\/uploads\/2023\/03\/FREYJADG5-1-768x512.jpg 768w, https:\/\/tmlutherie.fr\/wp-content\/uploads\/2023\/03\/FREYJADG5-1-1536x1024.jpg 1536w, https:\/\/tmlutherie.fr\/wp-content\/uploads\/2023\/03\/FREYJADG5-1-2048x1365.jpg 2048w, https:\/\/tmlutherie.fr\/wp-content\/uploads\/2023\/03\/FREYJADG5-1-1140x760.jpg 1140w\" sizes=\"(max-width: 1024px) 100vw, 1024px\" \/><\/figure>\n\n\n\n<figure class=\"wp-block-image size-large\"><img loading=\"lazy\" width=\"1024\" height=\"683\" data-id=\"1502\"  src=\"http:\/\/tmlutherie.fr\/wp-content\/uploads\/2023\/03\/FREYJADG6-1-1024x683.jpg\" alt=\"\" class=\"wp-image-1502\" srcset=\"https:\/\/tmlutherie.fr\/wp-content\/uploads\/2023\/03\/FREYJADG6-1-1024x683.jpg 1024w, https:\/\/tmlutherie.fr\/wp-content\/uploads\/2023\/03\/FREYJADG6-1-300x200.jpg 300w, https:\/\/tmlutherie.fr\/wp-content\/uploads\/2023\/03\/FREYJADG6-1-768x512.jpg 768w, https:\/\/tmlutherie.fr\/wp-content\/uploads\/2023\/03\/FREYJADG6-1-1536x1024.jpg 1536w, https:\/\/tmlutherie.fr\/wp-content\/uploads\/2023\/03\/FREYJADG6-1-2048x1365.jpg 2048w, https:\/\/tmlutherie.fr\/wp-content\/uploads\/2023\/03\/FREYJADG6-1-1140x760.jpg 1140w\" sizes=\"(max-width: 1024px) 100vw, 1024px\" \/><\/figure>\n\n\n\n<figure class=\"wp-block-image size-large\"><img loading=\"lazy\" width=\"1024\" height=\"683\" data-id=\"1504\"  src=\"http:\/\/tmlutherie.fr\/wp-content\/uploads\/2023\/03\/FREYJADG7-1-1024x683.jpg\" alt=\"\" class=\"wp-image-1504\" srcset=\"https:\/\/tmlutherie.fr\/wp-content\/uploads\/2023\/03\/FREYJADG7-1-1024x683.jpg 1024w, https:\/\/tmlutherie.fr\/wp-content\/uploads\/2023\/03\/FREYJADG7-1-300x200.jpg 300w, https:\/\/tmlutherie.fr\/wp-content\/uploads\/2023\/03\/FREYJADG7-1-768x512.jpg 768w, https:\/\/tmlutherie.fr\/wp-content\/uploads\/2023\/03\/FREYJADG7-1-1536x1024.jpg 1536w, https:\/\/tmlutherie.fr\/wp-content\/uploads\/2023\/03\/FREYJADG7-1-2048x1365.jpg 2048w, https:\/\/tmlutherie.fr\/wp-content\/uploads\/2023\/03\/FREYJADG7-1-1140x760.jpg 1140w\" sizes=\"(max-width: 1024px) 100vw, 1024px\" \/><\/figure>\n\n\n\n<figure class=\"wp-block-image size-large\"><img loading=\"lazy\" width=\"1024\" height=\"683\" data-id=\"1466\"  src=\"http:\/\/tmlutherie.fr\/wp-content\/uploads\/2023\/03\/FREYJADG8-1024x683.jpg\" alt=\"\" class=\"wp-image-1466\" srcset=\"https:\/\/tmlutherie.fr\/wp-content\/uploads\/2023\/03\/FREYJADG8-1024x683.jpg 1024w, https:\/\/tmlutherie.fr\/wp-content\/uploads\/2023\/03\/FREYJADG8-300x200.jpg 300w, https:\/\/tmlutherie.fr\/wp-content\/uploads\/2023\/03\/FREYJADG8-768x512.jpg 768w, https:\/\/tmlutherie.fr\/wp-content\/uploads\/2023\/03\/FREYJADG8-1536x1024.jpg 1536w, https:\/\/tmlutherie.fr\/wp-content\/uploads\/2023\/03\/FREYJADG8-2048x1365.jpg 2048w, https:\/\/tmlutherie.fr\/wp-content\/uploads\/2023\/03\/FREYJADG8-1140x760.jpg 1140w\" sizes=\"(max-width: 1024px) 100vw, 1024px\" \/><\/figure>\n\n\n\n<figure class=\"wp-block-image size-large\"><img loading=\"lazy\" width=\"1024\" height=\"683\" data-id=\"1467\"  src=\"http:\/\/tmlutherie.fr\/wp-content\/uploads\/2023\/03\/FREYJADG9-1024x683.jpg\" alt=\"\" class=\"wp-image-1467\" srcset=\"https:\/\/tmlutherie.fr\/wp-content\/uploads\/2023\/03\/FREYJADG9-1024x683.jpg 1024w, https:\/\/tmlutherie.fr\/wp-content\/uploads\/2023\/03\/FREYJADG9-300x200.jpg 300w, https:\/\/tmlutherie.fr\/wp-content\/uploads\/2023\/03\/FREYJADG9-768x512.jpg 768w, https:\/\/tmlutherie.fr\/wp-content\/uploads\/2023\/03\/FREYJADG9-1536x1024.jpg 1536w, https:\/\/tmlutherie.fr\/wp-content\/uploads\/2023\/03\/FREYJADG9-2048x1365.jpg 2048w, https:\/\/tmlutherie.fr\/wp-content\/uploads\/2023\/03\/FREYJADG9-1140x760.jpg 1140w\" sizes=\"(max-width: 1024px) 100vw, 1024px\" \/><\/figure>\n\n\n\n<figure class=\"wp-block-image size-large\"><img loading=\"lazy\" width=\"1024\" height=\"683\" data-id=\"1469\"  src=\"http:\/\/tmlutherie.fr\/wp-content\/uploads\/2023\/03\/FREYJADG10-1024x683.jpg\" alt=\"\" class=\"wp-image-1469\" srcset=\"https:\/\/tmlutherie.fr\/wp-content\/uploads\/2023\/03\/FREYJADG10-1024x683.jpg 1024w, https:\/\/tmlutherie.fr\/wp-content\/uploads\/2023\/03\/FREYJADG10-300x200.jpg 300w, https:\/\/tmlutherie.fr\/wp-content\/uploads\/2023\/03\/FREYJADG10-768x512.jpg 768w, https:\/\/tmlutherie.fr\/wp-content\/uploads\/2023\/03\/FREYJADG10-1536x1024.jpg 1536w, https:\/\/tmlutherie.fr\/wp-content\/uploads\/2023\/03\/FREYJADG10-2048x1365.jpg 2048w, https:\/\/tmlutherie.fr\/wp-content\/uploads\/2023\/03\/FREYJADG10-1140x760.jpg 1140w\" sizes=\"(max-width: 1024px) 100vw, 1024px\" \/><\/figure>\n<\/figure>\n","protected":false},"excerpt":{"rendered":"<p>Corps en korinaTable en \u00e9rable ond\u00e9Manche en \u00e9rable ond\u00e9, renforts carboneTouche en \u00e9b\u00e8ne, diapason 648mm24 frettes m\u00e9dium jumbo inox, R17&#8243;M\u00e9caniques Schaller \u00e0 blocageSillet \u00e0 rouleaux et frette 0Rep\u00e8res Luminlay bleusChevalet tremolo Vigier avec pontets \u00e0 rouleauxMicros @dimarzioinc Dreamcatcher et Rainmaker\u00c9lectronique : Potentiom\u00e8tres CTS push-pull split, s\u00e9lecteur 3P, jack tube Switchcraft, condensateur Russian oil paperTeint\u00e9 bleu profondFinition vernis satin\u00e9 et brillant<\/p>\n","protected":false},"author":1,"featured_media":0,"parent":278,"menu_order":0,"comment_status":"closed","ping_status":"closed","template":"","meta":[],"uagb_featured_image_src":{"full":false,"thumbnail":false,"medium":false,"medium_large":false,"large":false,"1536x1536":false,"2048x2048":false,"ashe-slider-full-thumbnail":false,"ashe-full-thumbnail":false,"ashe-list-thumbnail":false,"ashe-grid-thumbnail":false,"ashe-single-navigation":false},"uagb_author_info":{"display_name":"admin8991","author_link":"https:\/\/tmlutherie.fr\/?author=1"},"uagb_comment_info":0,"uagb_excerpt":"Corps en korinaTable en \u00e9rable ond\u00e9Manche en \u00e9rable ond\u00e9, renforts carboneTouche en \u00e9b\u00e8ne, diapason 648mm24 frettes m\u00e9dium jumbo inox, R17&#8243;M\u00e9caniques Schaller \u00e0 blocageSillet \u00e0 rouleaux et frette 0Rep\u00e8res Luminlay bleusChevalet tremolo Vigier avec pontets \u00e0 rouleauxMicros @dimarzioinc Dreamcatcher et Rainmaker\u00c9lectronique : Potentiom\u00e8tres CTS push-pull split, s\u00e9lecteur 3P, jack tube Switchcraft, condensateur Russian oil paperTeint\u00e9 bleu&hellip;","_links":{"self":[{"href":"https:\/\/tmlutherie.fr\/index.php?rest_route=\/wp\/v2\/pages\/1453"}],"collection":[{"href":"https:\/\/tmlutherie.fr\/index.php?rest_route=\/wp\/v2\/pages"}],"about":[{"href":"https:\/\/tmlutherie.fr\/index.php?rest_route=\/wp\/v2\/types\/page"}],"author":[{"embeddable":true,"href":"https:\/\/tmlutherie.fr\/index.php?rest_route=\/wp\/v2\/users\/1"}],"replies":[{"embeddable":true,"href":"https:\/\/tmlutherie.fr\/index.php?rest_route=%2Fwp%2Fv2%2Fcomments&post=1453"}],"version-history":[{"count":3,"href":"https:\/\/tmlutherie.fr\/index.php?rest_route=\/wp\/v2\/pages\/1453\/revisions"}],"predecessor-version":[{"id":1505,"href":"https:\/\/tmlutherie.fr\/index.php?rest_route=\/wp\/v2\/pages\/1453\/revisions\/1505"}],"up":[{"embeddable":true,"href":"https:\/\/tmlutherie.fr\/index.php?rest_route=\/wp\/v2\/pages\/278"}],"wp:attachment":[{"href":"https:\/\/tmlutherie.fr\/index.php?rest_route=%2Fwp%2Fv2%2Fmedia&parent=1453"}],"curies":[{"name":"wp","href":"https:\/\/api.w.org\/{rel}","templated":true}]}}